- 10*n. Let t be n + (1 + 0)*-2. Let s(l) = -4*l - 23. What is the remainder when s(t) is divided by 12?
9
Let y = -6960 - -7004. What is the remainder when 619 is divided by y?
3
Let b = -18 - -32. Calculate the remainder when (-4)/14 + 0 - 9264/(-84) is divided by b.
12
Let r(f) be the third derivative of f**5/60 - f**4/4 - f**3/3 + 2*f**2. Calculate the remainder when (-7371)/(-126)*(-8)/(-26) is divided by r(7).
3
Suppose -38 = -4*c - 3*p + 6, 2*c + 2*p = 24. What is the remainder when 6/(c + 4) - 121/(-2) is divided by 22?
17
Let b = 105 - 17. Let p = -5 + 12. Suppose a - b = -p*a. What is the remainder when 74 is divided by a?
8
Let j = 75 + 664. What is the remainder when j is divided by 24?
19
Let r(q) = 74*q**2 + 5*q + 8. Let u be r(-2). Let p = u + -114. Suppose 2*y = 5*d + 3*y - p, -3*d = 4*y - 125. Calculate the remainder when d is divided by 18.
17
Let z(n) = -43*n - 404. Calculate the remainder when 1699 is divided by z(-16).
279
What is the remainder when 3211 is divided by (-5 + 1 - -30) + 5 + -9 + 5?
25
Let h = 239013 - 238998. Calculate the remainder when (0 - 2) + (1 - -28) is divided by h.
12
Let x = -7088 - -7105. What is the remainder when 709 is divided by x?
12
Let k = 3363 - 2912. What is the remainder when k is divided by 26?
9
Let v(t) = 5*t**2 + t + 10. Let f be v(7). Suppose -2*k = 4*r - 1240, 4*r + k - 982 = f. Suppose -r = -6*z + 114. What is the remainder when z is divided by 20?
11
Suppose -3*x = -3*s - 7*x + 2842, 4*s + 2*x - 3806 = 0. What is the remainder when s is divided by 89?
64
Calculate the remainder when 458 is divided by 1*12/(-5)*(-2640)/96.
62
Let d = -4504 + 5174. Calculate the remainder when d is divided by 48.
46
Let x = 4541 + -3408. Calculate the remainder when x is divided by 9.
8
Suppose 0 = 22*t + 850 - 12642. Suppose 17*m - 13*m - 527 = z, -t = -4*m + 4*z. Calculate the remainder when m is divided by 45.
41
Suppose -4*z - 15 - 13 = 0. Let d = 14 + z. Suppose 26*g - 5*w = 125, -135*g = -130*g - 5*w - 20. Calculate the remainder when d is divided by g.
2
Suppose -19*b - 7133 = 2158. Let h = b + 527. Calculate the remainder when 142 is divided by h.
28
Let w be (-35)/(-315) - 1*(-10636)/18. Let k = w + -572. What is the remainder when 1004 is divided by k?
16
Suppose 23562 = -153*y + 411*y - 192*y. What is the remainder when 2855 is divided by y?
356
Suppose -38*a = -588 - 362. What is the remainder when 100 is divided by a?
0
Suppose -4 + 14 = 2*g. Suppose -3*l + 5*l + 5*f = 132, -g*l - 2*f + 330 = 0. Suppose 13*n = 459 - 147. Calculate the remainder when l is divided by n.
18
Suppose 0 = -2*z, -53*z = -4*c - 52*z + 816. Calculate the remainder when c is divided by 28.
8
Let l(v) = v**2 + 30*v + 61. Let x be l(-21). What is the remainder when 22 is divided by 3/(-4) - 1120/x?
6
Calculate the remainder when 8/40*8*7580/16 is divided by 33.
32
Let d be (7 - (-6 - -14))*-2. Calculate the remainder when 58 is divided by (d/(-8) - 3/4)*-2.
0
Suppose 4*c - 38 = 38. Suppose 0 = -2*l + c - 1. Suppose 0 = -s + 66 - l. What is the remainder when s is divided by 20?
17
Let f = -135 - -146. Suppose 0 = -7*l + f*l - 160. Suppose -4*c + 26 = 3*y - 4, -5*c = 4*y - l. What is the remainder when 48 is divided by y?
8
Let x(n) = 92*n - 4287. Calculate the remainder when x(52) is divided by 127.
116
Let n = -132 + 138. What is the remainder when 90/9 + 0/1 is divided by 38/n + 8/(-24)?
4
Suppose -5*n - 3 = 7, 0 = 3*o + 4*n - 52. Let q(p) = -p**2 + 18*p + 1. Let z be q(11). What is the remainder when (0 - (0 + -3))/(2/z) is divided by o?
17
Calculate the remainder when 796 is divided by 156 - (-15 + 23 - 17).
136
Let p be -6 + (9 - 4)/(-5). Let a(t) = -2*t**2 - 2*t + 12. Let i be a(p). Let z = -51 - i. What is the remainder when 80 is divided by z?
17
Let b(c) = -c**3 + 33*c**2 + 3*c - 15. Let z be b(33). Suppose -7*p + z = 7*p. What is the remainder when 53 is divided by p?
5
Suppose -88 = -w - 23. Let q(g) = 391*g - 343. Let s be q(1). Let x = w - s. Calculate the remainder when 32 is divided by x.
15
Let d(w) = w**2 + 34*w + 38. Let x(f) = f**2 - 7*f - 6. Calculate the remainder when x(-5) is divided by d(0).
16
Let t = 2025 + -1215. Calculate the remainder when ((-1)/3)/((-10)/t) - -5 is divided by 6.
2
Let g(b) = -11*b**2 + 10*b + 77. Let c be g(10). Let u = -649 - c. What is the remainder when u is divided by 46?
44
Suppose 0 = 136*j - 213 - 4791 - 1660. What is the remainder when 1321 is divided by j?
47
Let i = 7724 - 3905. Calculate the remainder when i is divided by 14.
11
Suppose -4*r + 45 - 29 = 0. Suppose -5*h = -2*u - 34, 2*h + 4*u + 0 = r. What is the remainder when 51 is divided by h?
3
Let v be (-3)/2 - (-27)/2. Let x(h) = -2*h**3 + 24*h**2 + 4*h + 6. Calculate the remainder when x(v) is divided by 19.
16
Suppose -367*p + 11 = -366*p. Calculate the remainder when 25 is divided by p.
3
Let g = 1453 + -1426. Calculate the remainder when 639 is divided by g.
18
Suppose -129*g + 928 = -71*g. Calculate the remainder when 524 is divided by g.
12
Let q(w) = -w**3 - w**2 + 23*w - 5. Let u be q(-10). Calculate the remainder when 79 is divided by (-3)/(0 + 18) + u/30.
13
Suppose -1067 = -40*q - 692 + 4465. What is the remainder when 329 is divided by q?
87
Suppose 2*c = -0 - 2, c + 6 = o. Suppose 4*v + 114 = o*r, 2 = 4*r + 2*v - 84. Calculate the remainder when 55 is divided by r.
11
Let g = 298 - 584. Let q = -252 - g. What is the remainder when q is divided by (8/6)/(2/30)?
14
Suppose 0 = 4*s + 7*l - 3*l - 1360, -5*l + 1355 = 4*s. Let n = 537 - s. Calculate the remainder when n is divided by 13.
10
Suppose p - 5*n = -2 + 30, 0 = 5*n - 5. Let y = 20 + -2. What is the remainder when p is divided by y?
15
Let q(g) = -42*g + 2. Let r = 277098 + -277082. Calculate the remainder when q(-2) is divided by r.
6
Let a = 9 + -7. Suppose 3*j + 2*j = -y + 28, -a*j + 10 = 0. Suppose 9*g - y*g - 378 = 0. What is the remainder when g is divided by 23?
17
Let m(c) = 3*c**2 - 3*c - 3. Let v be m(-2). Suppose -v = 6*x - 11*x. Suppose -4*r = -12, 3*r = 5*k - 6*k + 12. Calculate the remainder when x is divided by k.
0
Suppose 1528 - 1677 = -r. What is the remainder when 572 is divided by r?
125
Let z(q) = 21*q + 207. Let w be z(-11). Suppose d + 21 = 3*g, 6*g + 102 = -3*d + 2*g. Let s = w - d. What is the remainder when 23 is divided by s?
5
Let z(s) = -3*s**2 - 20*s - 15. Let g be z(-5). Suppose -4*f - 170 = -5*x, -f - 126 = -4*x + g. What is the remainder when 236 is divided by x?
32
Suppose -7*o + 10*o = -309. Let g = 25 + o. Let x = g - -101. Calculate the remainder when x is divided by 5.
3
Let j(l) = 9*l**2 - 2*l + 2. What is the remainder when -22 + 25 - 214/(-2) is divided by j(2)?
8
What is the remainder when 65 is divided by (-3)/(39/(-455)) + 4?
26
Let b = -576 - -712. What is the remainder when (298/(-8))/((-17)/b) is divided by 6?
4
Suppose 8 - 1 = z. Let j(t) = -7*t - t**3 + 6*t**2 + 12*t**2 + z - 24*t**2. What is the remainder when j(-5) is divided by 4?
1
Let x be 3/2*(0 + 2). Suppose 0 = -3*i - 4*k + 198, 5*i + k - 322 = -x*k. Let w = 1464 + -1448. What is the remainder when i is divided by w?
14
Let a(x) = x**2 - 12*x - 5. Let y(z) = z**2 + 18*z + 62. Let b be y(-15). What is the remainder when a(b) is divided by 9?
8
Let d be ((-1251)/36)/(3/(-12)). Suppose 5*c + 12 = 9*c, d = 2*a - 3*c. Calculate the remainder when a is divided by 28.
18
Let u = -294 - -296. Suppose 155 = 5*c - 5*f, 5*f + 37 = c + u*f. Let j(z) = 24*z - 6. What is the remainder when j(6) is divided by c?
26
Let j = -76 + 143. What is the remainder when j is divided by (36/(-7))/((-10)/105*3)?
13
Let s = 2 + -2. Let o(k) = 597*k**2 - 3575*k - 32. Calculate the remainder when (-99)/(-3) + 2 + s is divided by o(6).
5
Let z be 5 - (-3 - (-4 - -20)). Suppose 0 = -5*r + 69 - z. Suppose -43 = -r*i + 29. What is the remainder when 22 is divided by i?
6
Let y = 143 + -128. Suppose 2*w = -5*j + 199, -3*j - 4*w + 88 + 37 = 0. Let k = j - y. What is the remainder when 45 is divided by k?
21
Let b(p) = -p**2 + 14*p - 43. Suppose -4*a + 5*q = -48, a - 2*q + 9 = -6*q. Calculate the remainder when 52 is divided by b(a).
4
Let a = 573 - 987. What is the remainder when 244 is divided by a/(-10) - (-8)/(-20)?
39
Let d be (-8 - -4 - 1446)*2/(-5). Let 